s digit of r(b)?
6
Suppose -30*l - 4*s + 8664 = -26*l, 5*l - 3*s = 10830. What is the units digit of l?
6
Let p be (16/(-3))/(6/(-171)). Let j = -151 + 155. Suppose 0 = -0*x + 5*x + 4*m - 216, 2*m + p = j*x. What is the units digit of x?
0
Let c(a) = 9*a**2 + a + 27. What is the units digit of c(-4)?
7
Let a be -2 - (-4 - (-3 - 1))/(-3). Let g(r) = -28*r**3 - r**2 - 5*r - 4. What is the hundreds digit of g(a)?
2
Let t = 451 - 251. What is the tens digit of t?
0
Suppose 85357 = -52*f + 69*f. What is the units digit of f?
1
Let l(o) = -4*o + 4. Let i(q) = -16*q + 16. Let z(x) = 2*i(x) - 9*l(x). Suppose 8*v = 53 - 21. What is the tens digit of z(v)?
1
Suppose 4*b = 2 + 6. Let d = 8 + -3. Suppose 0 = c + b*k - 28, -k = -d*c - 6*k + 135. What is the tens digit of c?
2
Suppose -4*p + 5*p = -5. Let f(a) = -a**3 - 5*a**2 - 4*a - 8. What is the tens digit of f(p)?
1
Let h be 2988/(-36)*2*10/(-4). Let l = -273 + h. What is the units digit of l?
2
Let t = 20 - 12. Let a(h) = -4*h - 32. Let i be a(-9). Suppose i*w = 32 + t. What is the units digit of w?
0
Suppose 0 = -5*h - 7*v + 4*v - 11, 4*v = h - 7. What is the tens digit of 42/((4 - 5)/h)?
4
Let y be 4 - (1 + (-2 - -2)). Suppose -5 = -4*k + 7. Suppose y*g + 58 = 4*m - 3*m, -g = k*m - 144. What is the tens digit of m?
4
Let q(y) = y**2 - 7*y + 50. Let m(x) = -x**2 - 2*x + 24. Let b be m(-6). What is the units digit of q(b)?
0
Let t(x) = -x**3 - 26*x**2 + 28*x + 21. Let l be t(-27). Suppose -2*o = -6*o - 108. Let w = l - o. What is the units digit of w?
1
Suppose 2*a - 3*a - 86 = -w, 2*a - 243 = -3*w. Suppose -4*s + 5*m - 165 = 0, 2*m + 141 = -s - 2*s. Let v = w + s. What is the units digit of v?
8
Let i = -98 + 463. What is the tens digit of i?
6
Let u = -45 + 49. Suppose 4*o = -3*h + 364, -h - u*o + 612 = 4*h. What is the units digit of h?
4
Let x be (4/((-16)/4))/1. Let p(m) = m**2 + m + 1. Let g(d) = -4*d**2 - 2*d. Let a(q) = x*g(q) - 2*p(q). What is the units digit of a(-3)?
6
Let r(t) = -t + 4. Let k be 87/(-15) + 1/(-5). Let s be r(k). Let u = 6 + s. What is the tens digit of u?
1
Suppose -113*o = -117*o - a + 11619, 5*o = 5*a + 14530. What is the thousands digit of o?
2
Let d = 0 + 15. Suppose 0 = 2*w - 1 - d. Suppose 36 = b - 4*s - 10, 4*s + w = 0. What is the units digit of b?
8
Let v = -117 + 112. Let j(k) be the second derivative of k**4/6 + k**3/2 - 11*k**2/2 - k. What is the units digit of j(v)?
4
Let h(n) = -3*n + 1. Let w be h(-1). Let s be 22/(-4)*(15 + -2 - 15). Suppose 0 = -w*f + s + 113. What is the units digit of f?
1
Let d(z) = 23*z + 52. What is the hundreds digit of d(7)?
2
Suppose 2*v - 6*v = g - 7, 3*g + 2*v - 11 = 0. Let m be ((-32)/(-3))/(-4)*g. Let l = m - -71. What is the tens digit of l?
6
Let u(y) = -y**3 + 21*y**2 - 58*y - 34. What is the hundreds digit of u(12)?
5
Suppose -s + 7*b + 852 = 10*b, s - 832 = b. What is the hundreds digit of s?
8
Let m(j) = 2*j**2 - 24*j - 1. Let s be m(7). Let w = s + 226. What is the hundreds digit of w?
1
Suppose s = -s - 4*l + 4070, 5*s - 4*l = 10147. What is the hundreds digit of s?
0
Suppose -2*c + 4*r = 6, 0 = -4*c - c + r + 21. Suppose -6*z = c*i - z + 70, i - 1 = 2*z. What is the units digit of (6/i)/(2/(-57))?
9
Suppose -20 = 5*x, 4*x = 3*h - h - 16. Suppose h = 4*t + k - 278, -t - 3*k = k - 77. What is the units digit of t?
9
Let l = -43 - -79. Let c be l - -2 - 8/4. Suppose 6*v - 2*v + c = 2*f, 5*f - 4*v = 108. What is the units digit of f?
4
Let i = 21 + -6. Let c = 30 + i. Let w = c + -28. What is the tens digit of w?
1
Suppose -5*a = i - 1, 4*a + i = -0 + 1. Let o be 1*(a + 4) + -1. Suppose 5*b - 56 = -5*q - 6, o*q = 9. What is the units digit of b?
7
What is the hundreds digit of (2/4)/(50/165900)?
6
Let r = -81 - -73. What is the tens digit of (-306)/r + 1/(-4)?
3
Suppose -4578 = -3*z - 11*z. What is the tens digit of z?
2
Suppose -26*o + 26910 = -8*o. What is the thousands digit of o?
1
Suppose -5*m = 27 - 82. Let h = m - 11. Suppose -x + 9 + 36 = h. What is the tens digit of x?
4
Suppose -4*x = 4*o - 36, 4*o + x - 42 = 3*x. Suppose 300 = -5*y + o*y. Suppose -2*i = 2*i + 4*d - y, -i = -5*d + 3. What is the tens digit of i?
1
Let i(l) = l**3 + 9*l**2 - 10*l + 4. Let o be i(-10). Let s be 342/27*(2 + o). Let b = s - 34. What is the units digit of b?
2
Let t = 128 + -58. Let p = t - 10. What is the tens digit of p?
6
Let r be (1 - 5) + (0 - -59). Suppose t + r = 2*t. What is the tens digit of t?
5
Suppose m - f - 50 = 0, -2*m + 5*f = -3*m + 80. Suppose 0 = c - 21 - m. What is the units digit of c?
6
Let a be 31 + -2 - (-7 + 4). Suppose -2*i - 3*i = -4*z + 29, 5*z - 5*i = 40. Let o = a - z. What is the units digit of o?
1
What is the units digit of (-9894)/(-14) - 6/(-21)?
7
Let w = 63 + 27. Suppose -5*v - w = 140. What is the units digit of v/(-2*(0 - -1))?
3
Let l be 1/(3 + 22/(-8)). Suppose g - l = -g. Suppose y - 41 = -0*y - 5*h, 68 = g*y - 4*h. What is the units digit of y?
6
Let b = 3626 - 19. What is the hundreds digit of b?
6
Let b(t) = 3*t - 7. Let g(x) = 16*x - 36. Let q(o) = -11*b(o) + 2*g(o). Suppose 2*h + 8 = -0. What is the units digit of q(h)?
9
Suppose 4*r = -2*x + 4610, -2*r + 5*r = 0. What is the hundreds digit of x?
3
Let d(t) = 2*t - 16. Let g be d(13). Let a(s) = s**3 - 5*s**2 + 6*s - 2. Let o be a(4). Suppose o = 2*n - g. What is the units digit of n?
8
Suppose 4*k = 1879 + 4009. What is the hundreds digit of k?
4
Suppose -20 = 4*h, -2*g + 23 = -3*h + 4. Suppose 0*q + 2*q + 3*i = 236, g*q - 236 = 5*i. What is the hundreds digit of q?
1
Let m(q) = -q**3 + 6*q**2 + 9*q - 11. Let j be m(7). Suppose -p + 0 - 1 = -2*n, j*n - 14 = -p. What is the units digit of n?
3
Let v = -37 - -37. Let a(w) = -5 + v*w - 6*w + 7*w. What is the tens digit of a(15)?
1
Let w(d) = -13*d + 5*d**2 - 3*d**2 + 3 + 5*d**2 - d**2. What is the tens digit of w(4)?
4
Let f = 822 - 225. What is the units digit of f?
7
Let j = -225 - 47. What is the tens digit of 2/(-15) - j/15?
1
Suppose -4*p + 11 = -5*q, 0 = q + 4 - 5. Suppose -p*b = 5*v - 429, b = 4*b + 2*v - 327. What is the hundreds digit of b?
1
Suppose 46*o = 49*o - 201. Suppose 2*f - 3*i - 116 = 0, -o + 20 = -f - 4*i. What is the tens digit of f?
5
Let g be (-4)/(-9)*(-27)/(-6). Let k be 9/g*6/9. Suppose 121 = k*u - 56. What is the tens digit of u?
5
Let l(b) = -290*b**2 - 3*b - 1. Let s be l(-1). What is the tens digit of ((-4)/(48/(-20)))/((-3)/s)?
6
Let t(w) = -48*w + 315. What is the thousands digit of t(-37)?
2
Let i be 6/3 - (3 + 78). Let x be 1*2 - (-2 + 57). Let f = x - i. What is the tens digit of f?
2
Suppose 0 = -v - 0*v + 7. Let x = 19 - v. Let d = 27 - x. What is the units digit of d?
5
Let g(h) = 14*h**2 + 11*h - 27. What is the hundreds digit of g(5)?
3
Suppose 0 = -5*g - 3*r + 22869, 3*g + 2*r - 2043 = 11678. What is the thousands digit of g?
4
Suppose -5*h = 4*x - 12743, -5*x - 5084 = -6*h + 4*h. What is the hundreds digit of h?
5
Suppose -2*h = -0*h. Suppose -l = -h*l - 16. Suppose 18 = 2*f - l. What is the units digit of f?
7
Suppose 1755 = 2*i + 133. What is the hundreds digit of i?
8
Suppose 381*f - 9336 = 375*f. What is the thousands digit of f?
1
Let y = 849 - 656. What is the units digit of y?
3
Suppose 4*n - 3*n = 6. Let h = 7 - n. What is the units digit of h?
1
Let v be -1 - -4*5/(-10). Let l(j) = -3*j**3 - j**2 - j - 4. What is the units digit of l(v)?
1
Suppose 0 = 5*g - 4*h - 846, 4*g - 644 = -7*h + 2*h. What is the hundreds digit of g?
1
Suppose c - 5 + 3 = 0. Suppose -4*o = -2*n - 728, 5*n = -c*o + 7*o - 920. What is the tens digit of o?
8
Let n be (700/60)/(2/(-6)). Let k be (-500)/(-14) - 10/n. What is the units digit of k/10 - 4/(-10)?
4
Let h = -47 + 118. Suppose 4*x - h = -3. Suppose -x = -2*v + 39. What is the tens digit of v?
2
Suppose 5*c + 0*c + 5*p - 10 = 0, c - 3*p = 6. Let h be (0 - c)*(-2 + 1). Suppose -h*g = -4*v + 94 + 93, 0 = -v - g + 45. What is the units digit of v?
6
Suppose -13*d + 19*d = 408. Suppose -2*a = d - 290. What is the units digit of a?
1
Let k = -1676 + 2451. What is the tens digit of k?
7
Let d(m) = -340*m**3 - 3*m**2 + 9*m. Let h(w) = 170*w**3 + 2*w**2 - 5*w. Let p(l) = 3*d(l) + 5*h(l). What is the units digit of p(-1)?
9
Let y = -26 + 44. Let v = y - 0. What is the units digit of v/(-12)*(-4)/3?
2
Suppose -44865 =